emainder when 10345 is divided by 96?
73
What is the remainder when 38420 is divided by 19199?
22
Calculate the remainder when 10570 is divided by 49.
35
Calculate the remainder when 1044 is divided by 356.
332
Calculate the remainder when 2352 is divided by 974.
404
What is the remainder when 195532 is divided by 6?
4
Calculate the remainder when 78389 is divided by 1017.
80
What is the remainder when 107071 is divided by 11895?
16
What is the remainder when 63555 is divided by 21174?
33
What is the remainder when 216 is divided by 66?
18
Calculate the remainder when 1155307 is divided by 385090.
37
What is the remainder when 257784 is divided by 128883?
18
What is the remainder when 14923 is divided by 69?
19
What is the remainder when 32554 is divided by 1017?
10
What is the remainder when 149060 is divided by 74524?
12
Calculate the remainder when 57926 is divided by 908.
722
Calculate the remainder when 4548 is divided by 103.
16
What is the remainder when 583 is divided by 5?
3
Calculate the remainder when 8184 is divided by 93.
0
What is the remainder when 2503851 is divided by 357692?
7
Calculate the remainder when 10670 is divided by 119.
79
Calculate the remainder when 5843 is divided by 3.
2
Calculate the remainder when 27814 is divided by 130.
124
What is the remainder when 203097 is divided by 18?
3
What is the remainder when 37125 is divided by 455?
270
Calculate the remainder when 6046 is divided by 170.
96
What is the remainder when 889 is divided by 304?
281
What is the remainder when 649401 is divided by 126?
123
What is the remainder when 19774 is divided by 46?
40
Calculate the remainder when 839 is divided by 176.
135
What is the remainder when 25878 is divided by 2822?
480
Calculate the remainder when 191276 is divided by 13.
7
What is the remainder when 5834 is divided by 1455?
14
Calculate the remainder when 5545 is divided by 856.
409
Calculate the remainder when 1565 is divided by 205.
130
What is the remainder when 641 is divided by 168?
137
What is the remainder when 10535 is divided by 2103?
20
Calculate the remainder when 7840528 is divided by 639.
637
What is the remainder when 41896 is divided by 432?
424
Calculate the remainder when 1212 is divided by 281.
88
Calculate the remainder when 30370 is divided by 3374.
4
What is the remainder when 111635 is divided by 36?
35
Calculate the remainder when 2205 is divided by 2001.
204
What is the remainder when 21950 is divided by 333?
305
What is the remainder when 81002 is divided by 70?
12
Calculate the remainder when 2439418 is divided by 31.
28
Calculate the remainder when 122126 is divided by 1035.
1031
What is the remainder when 53181 is divided by 12?
9
Calculate the remainder when 14708 is divided by 15.
8
What is the remainder when 666791 is divided by 28?
27
Calculate the remainder when 97798 is divided by 12224.
6
Calculate the remainder when 153574 is divided by 632.
630
What is the remainder when 419565 is divided by 337?
0
What is the remainder when 152735 is divided by 172?
171
What is the remainder when 28893 is divided by 28?
25
Calculate the remainder when 3101 is divided by 1004.
89
Calculate the remainder when 411351 is divided by 18.
15
What is the remainder when 7155 is divided by 806?
707
What is the remainder when 3790 is divided by 52?
46
Calculate the remainder when 40129 is divided by 311.
10
Calculate the remainder when 126071 is divided by 40.
31
Calculate the remainder when 202394 is divided by 440.
434
What is the remainder when 28306 is divided by 198?
190
Calculate the remainder when 5042 is divided by 1633.
143
What is the remainder when 2198609 is divided by 503?
499
What is the remainder when 13963 is divided by 50?
13
What is the remainder when 584 is divided by 108?
44
Calculate the remainder when 172150 is divided by 57379.
13
Calculate the remainder when 204737 is divided by 14.
1
What is the remainder when 104748 is divided by 52371?
6
Calculate the remainder when 945513 is divided by 143.
140
What is the remainder when 8109 is divided by 20?
9
What is the remainder when 1161 is divided by 988?
173
What is the remainder when 4358194 is divided by 5?
4
What is the remainder when 99643 is divided by 369?
13
Calculate the remainder when 957510 is divided by 23.
20
What is the remainder when 518 is divided by 244?
30
Calculate the remainder when 8436 is divided by 25.
11
What is the remainder when 4553 is divided by 12?
5
What is the remainder when 2662 is divided by 180?
142
What is the remainder when 19587 is divided by 138?
129
What is the remainder when 306370 is divided by 863?
5
Calculate the remainder when 7581 is divided by 46.
37
Calculate the remainder when 78960 is divided by 4386.
12
What is the remainder when 422 is divided by 67?
20
What is the remainder when 12140 is divided by 48?
44
What is the remainder when 30619 is divided by 132?
127
What is the remainder when 8835 is divided by 749?
596
Calculate the remainder when 2737 is divided by 377.
98
Calculate the remainder when 221670 is divided by 6927.
6
Calculate the remainder when 935625 is divided by 77.
75
What is the remainder when 445045 is divided by 363?
7
Calculate the remainder when 295 is divided by 166.
129
Calculate the remainder when 1732 is divided by 850.
32
Calculate the remainder when 60479 is divided by 312.
263
What is the remainder when 8394 is divided by 147?
15
Calculate the remainder when 129183 is divided by 11.
10
Calculate the remainder when 290497 is divided by 140.
137
What is the remainder when 184748 is divided by 21?
11
What is the remainder when 4121725 is divided by 501?
499
Calculate the remainder when 1168437 is divided by 35.
32
Calculate the remainder when 92552 is divided by 92525.
27
What is the remainder when 3827 is divided by 78?
5
Calculate the remainder when 48369 is divided by 295.
284
Calculate the remainder when 8344 is divided by 81.
1
Calculate the remainder when 47347 is divided by 217.
41
Calculate the remainder when 267611 is divided by 330.
311
Calculate the remainder when 32778 is divided by 223.
220
What is the remainder when 2770 is divided by 97?
54
What is the remainder when 3451 is divided by 38?
31
What is the remainder when 7700 is divided by 1780?
580
Calculate the remainder when 13853 is divided by 17.
15
What is the remainder when 2723 is divided by 46?
9
Calculate the remainder when 18085 is divided by 1394.
1357
What is the remainder when 8145 is divided by 58?
25
Calculate the remainder when 8790 is divided by 83.
75
What is the remainder when 66249 is divided by 15?
9
Calculate the remainder when 2811 is divided by 853.
252
Calculate the remainder when 32237 is divided by 1192.
53
Calculate the remainder when 293679 is divided by 16315.
9
Calculate the remainder when 103486 is divided by 25867.
18
What is the remainder when 17453 is divided by 14?
9
What is the remainder when 251749 is divided by 17?
13
Calculate the remainder when 63635 is divided by 715.
0
What is the remainder when 294999 is divided by 250?
249
What is the remainder when 2102 is divided by 856?
390
Calculate the remainder when 6918 is divided by 216.
6
Calculate the remainder when 3601 is divided by 159.
103
What is the remainder when 41389 is divided by 16?
13
What is the remainder when 137763 is divided by 34439?
7
Calculate the remainder when 5991 is divided by 315.
6
Calculate the remainder when 32987 is divided by 2073.
1892
Calculate the remainder when 33879 is divided by 491.
0
What is the remainder when 30136 is divided by 15051?
34
Calculate the remainder when 17518 is divided by 5832.
22
What is the remainder when 249077 is divided by 405?
2
What is the remainder when 13649 is divided by 3408?
17
What is the remainder when 14952 is divided by 879?
9
What is the remainder when 6339 is divided by 4?
3
What is the remainder when 31982 is divided by 163?
34
Calculate the remainder when 695 is divided by 78.
71
What is the remainder when 12046 is divided by 1003?
10
Calculate the remainder when 145793 is divided by 36448.
1
Calculate the remainder when 229733 is divided by 68.
29
Calculate the remainder when 1963 is divided by 399.
367
Calculate the remainder when 25917 is divided by 25910.
7
Calculate the remainder whe